 7, 13, 479
List the prime factors of 2259651.
3, 19, 29, 1367
What are the prime factors of 152813556?
2, 3, 7, 86629
List the prime factors of 43593078.
2, 3, 7265513
List the prime factors of 37819834.
2, 13, 111893
List the prime factors of 251004881.
17, 868529
What are the prime factors of 2304612303?
3, 7, 37, 53, 191, 293
List the prime factors of 92200545.
3, 5, 682967
List the prime factors of 47469787.
223, 212869
List the prime factors of 1036010083.
1036010083
List the prime factors of 55175888.
2, 653, 5281
What are the prime factors of 5018583004?
2, 1254645751
What are the prime factors of 467597657?
19, 24610403
List the prime factors of 597702436.
2, 149425609
List the prime factors of 61513200.
2, 3, 5, 7, 2441
What are the prime factors of 1759294532?
2, 439823633
What are the prime factors of 200940508?
2, 41, 71, 17257
List the prime factors of 48349896.
2, 3, 7, 79, 3643
List the prime factors of 67736139.
3, 229, 98597
What are the prime factors of 2530548617?
17, 251, 593051
List the prime factors of 19302591.
3, 7, 11, 83561
What are the prime factors of 102334182?
2, 3, 457, 37321
List the prime factors of 7251475.
5, 7, 11, 3767
List the prime factors of 185084564.
2, 7, 944309
List the prime factors of 15642528.
2, 3, 11, 14813
What are the prime factors of 86121583?
347, 248189
List the prime factors of 62387525.
5, 2495501
What are the prime factors of 115908831?
3, 317, 40627
What are the prime factors of 3586364620?
2, 5, 113, 1586887
What are the prime factors of 71587359?
3, 7954151
List the prime factors of 10480443.
3, 181, 19301
What are the prime factors of 92161067?
509, 181063
What are the prime factors of 51283228?
2, 499, 25693
List the prime factors of 46943450.
2, 5, 938869
List the prime factors of 47505930.
2, 3, 5, 1583531
What are the prime factors of 109152452?
2, 27288113
What are the prime factors of 228953511?
3, 25439279
What are the prime factors of 2014880317?
2014880317
List the prime factors of 185942990.
2, 5, 18594299
List the prime factors of 112373731.
1289, 87179
What are the prime factors of 6485367?
3, 7, 308827
What are the prime factors of 714161878?
2, 71, 5029309
What are the prime factors of 46279158?
2, 3, 7713193
List the prime factors of 1343941605.
3, 5, 31, 71, 4523
What are the prime factors of 21915806?
2, 11, 996173
What are the prime factors of 140383375?
5, 11, 23, 193
What are the prime factors of 5629857450?
2, 3, 5, 7, 137, 5591
List the prime factors of 420038286.
2, 3, 163, 429487
What are the prime factors of 85385929?
85385929
What are the prime factors of 688424670?
2, 3, 5, 839, 1013
What are the prime factors of 37413957?
3, 7, 17, 104801
List the prime factors of 124703763.
3, 173, 241, 997
What are the prime factors of 211045901?
11, 19, 41, 2239
What are the prime factors of 195706968?
2, 3, 31, 263047
What are the prime factors of 2224567549?
89, 24995141
List the prime factors of 6012028.
2, 11, 139, 983
What are the prime factors of 612725?
5, 24509
What are the prime factors of 15065316?
2, 3, 7, 191, 313
List the prime factors of 43944081.
3, 31, 131, 3607
What are the prime factors of 2336257229?
2336257229
List the prime factors of 443388185.
5, 241, 367957
List the prime factors of 15410616.
2, 3, 13, 49393
What are the prime factors of 804342551?
41, 19618111
List the prime factors of 6289883.
6289883
What are the prime factors of 633138984?
2, 3, 593, 4943
List the prime factors of 366261177.
3, 23, 47, 112939
List the prime factors of 126398877.
3, 11, 3830269
List the prime factors of 42219295.
5, 2063, 4093
What are the prime factors of 3315936887?
17, 23, 359, 23623
What are the prime factors of 659404492?
2, 863, 191021
What are the prime factors of 283620226?
2, 141810113
List the prime factors of 489652636.
2, 11, 71, 14249
What are the prime factors of 160728942?
2, 3, 11, 19, 128173
List the prime factors of 1502765287.
1502765287
List the prime factors of 571048270.
2, 5, 13, 4392679
What are the prime factors of 83919863?
47, 109, 16381
List the prime factors of 520776784.
2, 11, 43, 68813
List the prime factors of 3184551153.
3, 7, 857, 19661
List the prime factors of 99552718.
2, 31, 37, 43397
List the prime factors of 549174205.
5, 17, 6460873
What are the prime factors of 5176919714?
2, 2588459857
List the prime factors of 789137595.
3, 5, 797, 22003
List the prime factors of 718013982.
2, 3, 7, 97, 176243
List the prime factors of 139556218.
2, 599, 116491
What are the prime factors of 253871071?
5309, 47819
What are the prime factors of 1978445978?
2, 31, 31910419
List the prime factors of 276200023.
11, 613, 40961
List the prime factors of 1875316538.
2, 193, 857, 5669
List the prime factors of 28747283.
28747283
List the prime factors of 2444945533.
37, 66079609
What are the prime factors of 131333966?
2, 19, 181903
What are the prime factors of 158689741?
7, 271, 83653
What are the prime factors of 268399129?
268399129
List the prime factors of 40995899.
7, 43, 19457
What are the prime factors of 3207392232?
2, 3, 11, 12149213
List the prime factors of 244110808.
2, 30513851
List the prime factors of 3505715683.
23, 152422421
What are the prime factors of 1708261479?
3, 31, 6122801
What are the prime factors of 111049294?
2, 29, 197, 9719
List the prime factors of 803161161.
3, 11, 211, 38449
List the prime factors of 33835425.
3, 5, 13, 34703
What are the prime factors of 98606684?
2, 11, 2241061
What are the prime factors of 1130384472?
2, 3, 7, 241, 27919
List the prime factors of 241750378.
2, 23, 37, 142039
List the prime factors of 79194368.
2, 11, 28123
What are the prime factors of 45187167?
3, 15062389
List the prime factors of 2826787382.
2, 3541, 399151
What are the prime factors of 642218450?
2, 5, 67, 191707
What are the prime factors of 102490631?
102490631
List the prime factors of 618727333.
7, 88389619
What are the prime factors of 491459219?
223, 2203853
What are the prime factors of 8100616?
2, 41, 24697
List the prime factors of 898907458.
2, 449453729
What are the prime factors of 354886174?
2, 4919, 36073
List the prime factors of 5233922667.
3, 581546963
List the prime factors of 24836445.
3, 5, 47, 11743
List the prime factors of 12292565.
5, 461, 5333
What are the prime factors of 2495062423?
7, 356437489
List the prime factors of 1111631879.
19, 58506941
List the prime factors of 2160550456.
2, 31, 8711897
What are the prime factors of 73198806?
2, 3, 313, 38977
What are the prime factors of 742315369?
742315369
What are the prime factors of 227361748?
2, 47, 157, 7703
What are the prime factors of 8944230?
2, 3, 5, 281, 1061
List the prime factors of 53078696.
2, 11, 31, 19457
List the prime factors of 195139313.
195139313
What are the prime factors of 763029876?
2, 3, 7, 23, 394943
List the prime factors of 5102327.
41, 124447
What are the prime factors of 82506081?
3, 7, 521, 7541
List the prime factors of 69914134.
2, 103, 339389
List the prime factors of 3031661712.
2, 3, 1543, 40933
List the prime factors of 3227592.
2, 3, 181, 743
List the prime factors of 882111169.
31, 28455199
What are the prime factors of 601331935?
5, 941, 127807
List the prime factors of 21945462.
2, 3, 7, 11, 47501
What are the prime factors of 768846548?
2, 11027, 17431
What are the prime factors of 34017619?
19, 1790401
List the prime factors of 1279183980.
2, 3, 5, 37, 233, 2473
What are the prime factors of 35502598?
2, 17751299
List the prime factors of 91750280.
2, 5, 2293757
What are the prime factors of 372840466?
2, 186420233
List the prime factors of 84519351.
3, 7, 1341577
List the prime factors of 915342640.
2, 5, 11441783
List the prime factors of 242266101.
3, 7, 11, 439, 2389
What are the prime factors of 2054920111?
2054920111
What are the prime factors of 317529202?
2, 158764601
List the prime factors of 11302109.
7, 13, 124199
What are the prime factors of 35873086?
2, 1973, 9091
List the prime factors of 5771954055.
3, 5, 7, 233, 235927
What are the prime factors of 19267009?
19267009
List the prime factors of 198206758.
2, 99103379
List the prime factors of 233251461.
3, 443, 19501
List the prime factors of 28138913.
11, 23, 10111
What are the prime factors of 1070027094?
2, 3, 29, 859, 7159
